ase 5, what is -3241320 - -3?
-3241312
In base 2, what is 101 - 100101001010111010?
-100101001010110101
In base 14, what is 2 + 47078?
4707a
In base 16, what is bcb9 + -17?
bca2
In base 10, what is 3224 - -8?
3232
In base 5, what is 4 - -13100033?
13100042
In base 2, what is 1011110011001000010 - 11?
1011110011000111111
In base 13, what is -232 - -533?
301
In base 9, what is 14 + 51258?
51273
In base 14, what is 27 + -10dc9?
-10da2
In base 9, what is 34608 + 17?
34626
In base 2, what is 10 - -1101000110111010?
1101000110111100
In base 10, what is 18 + -3811?
-3793
In base 14, what is d - 1d2?
-1c3
In base 11, what is -4518a + -28?
-45207
In base 14, what is 3 + -154909?
-154906
In base 8, what is 4 - 123111?
-123105
In base 10, what is 1 + 948078?
948079
In base 13, what is 1 + b122?
b123
In base 13, what is 1500 + -145?
1388
In base 10, what is 477 - -129?
606
In base 10, what is -640894 + -4?
-640898
In base 6, what is -204235223 + -4?
-204235231
In base 8, what is -11 - 3437?
-3450
In base 3, what is -12212 + 1020220220?
1020201001
In base 4, what is -11 + 21113200?
21113123
In base 15, what is -1b7d4 + -53?
-1b837
In base 15, what is 9 - 25e?
-255
In base 6, what is 51512253 + -2?
51512251
In base 2, what is -11111010110000000 - 101?
-11111010110000101
In base 9, what is -4 - 45241?
-45245
In base 9, what is 186 - 12556?
-12360
In base 8, what is 3 - 26463?
-26460
In base 7, what is 22 - 6204?
-6152
In base 5, what is 120 + -4020?
-3400
In base 15, what is -c78c + 51?
-c73b
In base 6, what is -10 - -1400552?
1400542
In base 12, what is 14854 - 3?
14851
In base 11, what is 112 + -6078?
-5a66
In base 6, what is 2 - 2101314?
-2101312
In base 9, what is -4 + -3071?
-3075
In base 7, what is 41510515 + 4?
41510522
In base 15, what is -1e2 - 20c?
-3ee
In base 11, what is 6 - 36075?
-3606a
In base 6, what is -3313 + 51?
-3222
In base 5, what is -10041003 - -3?
-10041000
In base 3, what is 212 + -111022202?
-111021220
In base 3, what is -111222122 + 12?
-111222110
In base 3, what is 102222211 - 201?
102222010
In base 8, what is 73552 + -1?
73551
In base 14, what is -20 - 2424?
-2444
In base 10, what is 279259 - 3?
279256
In base 4, what is 102102021322 + 3?
102102021331
In base 3, what is -212100022 + 1?
-212100021
In base 6, what is -12 - 14355?
-14411
In base 10, what is 224 - 1937?
-1713
In base 6, what is 11230 - 4410?
2420
In base 13, what is -14083c + -5?
-140844
In base 3, what is 11 + 1211202?
1211220
In base 9, what is 28 - 12457?
-12428
In base 9, what is -1374 + 131?
-1243
In base 12, what is -4 - -15865?
15861
In base 15, what is 3 - 598a?
-5987
In base 3, what is -20012222 - -10?
-20012212
In base 10, what is -30187 - -5?
-30182
In base 6, what is 2115212 - 1?
2115211
In base 8, what is 4 + -211310?
-211304
In base 16, what is -3c - 3a4?
-3e0
In base 3, what is -121200000102 + 10?
-121200000022
In base 15, what is -8b - 827?
-8b3
In base 4, what is 1301 - -1223?
3130
In base 12, what is 4 - 1a117?
-1a113
In base 12, what is 15 + -5b8?
-5a3
In base 12, what is 7 - -10a549?
10a554
In base 7, what is 200 - 1?
166
In base 12, what is -23205 + -3?
-23208
In base 4, what is 1 + -203311?
-203310
In base 3, what is -101122112220 - 2?
-101122112222
In base 12, what is -74 + -9?
-81
In base 4, what is 1212213 + -202?
1212011
In base 11, what is -4612aa - 5?
-461304
In base 11, what is -8611 + -107?
-8718
In base 7, what is 116555 - -20?
116605
In base 9, what is -5533838 - -2?
-5533836
In base 11, what is -38 + -137?
-174
In base 15, what is b9 + -18?
a1
In base 2, what is -101001110 - 110100?
-110000010
In base 16, what is bc + 26dc?
2798
In base 2, what is -100 + 100001111101110101?
100001111101110001
In base 9, what is 35 + -11575?
-11540
In base 5, what is -30303 + 32323?
2020
In base 11, what is 31 + -975?
-944
In base 15, what is 5 + -777c6?
-777c1
In base 8, what is -2241700 - -5?
-2241673
In base 2, what is 10011110001101 - -110110110?
10100101000011
In base 6, what is 10311 + -21012?
-10301
In base 13, what is -2 - 85760?
-85762
In base 4, what is -21322132 - -3?
-21322123
In base 9, what is 530 - 22?
507
In base 6, what is -554 + -45450?
-50444
In base 3, what is -12 + 2022121210221?
2022121210202
In base 16, what is -14 - 2adc?
-2af0
In base 2, what is -1011101111000 + -101?
-1011101111101
In base 8, what is 3145 + -326?
2617
In base 15, what is 16b43 - 3?
16b40
In base 4, what is 3223131 - -11?
3223202
In base 11, what is -19 - -20525?
20507
In base 11, what is 10987 - 3?
10984
In base 4, what is 11 + -3031202?
-3031131
In base 11, what is 473 - 563?
-a0
In base 14, what is 1104 + 212?
1316
In base 8, what is -4714260 + -3?
-4714263
In base 5, what is 40 - -121?
211
In base 5, what is -3 + 244120?
244112
In base 3, what is -101022200002 - -21?
-101022122211
In base 4, what is -1 + -2022123?
-2022130
In base 6, what is -5425235 - -2?
-5425233
In base 11, what is -16500a - -3?
-165007
In base 8, what is -1026 + 456?
-350
In base 6, what is 3 + -1255554?
-1255551
In base 13, what is 1 - 130?
-12c
In base 15, what is -11181 + 4?
-1117c
In base 5, what is 3 - 201320?
-201312
In base 13, what is 30 - 15b?
-12b
In base 6, what is 11051321 + -2?
11051315
In base 6, what is -124135 - 12?
-124151
In base 15, what is 12a2c + -2?
12a2a
In base 13, what is -206 + -11aa?
-13b3
In base 14, what is 256 - -4c?
2a4
In base 16, what is -887 - -5?
-882
In base 6, what is 3 + -1311302?
-1311255
In base 14, what is -13d - -136?
-7
In base 9, what is 10350 + 650?
11110
In base 14, what is 56b + -72?
4d9
In base 11, what is -16 - -298?
282
In base 16, what is -cba + 106?
-bb4
In base 12, what is -8 - -b62a?
b622
In base 6, what is -10512 - 110?
-11022
In base 15, what is 17a0 - -7?
17a7
In base 8, what is 5536336 - 4?
5536332
In base 15, what is 25d + -31?
22c
In base 3, what is 112 + 222000011?
222000200
In base 15, what is 1231 + 19?
124a
In base 14, what is -38c1 + -1c?
-38dd
In base 7, what is 1100124 + -13?
1100111
In base 10, what is -3 - -7661?
7658
In base 14, what is -4 + 336b?
3367
In base 2, what is 11 + 1111101000101001?
1111101000101100
In base 2, what is -1 - 10111111011000010?
-10111111011000011
In base 3, what is -1220022 - 101?
-1220200
In base 8, what is 32347 - -5?
32354
In base 7, what is -2132644 - 2?
-2132646
In base 4, what is -100 + -211033221?
-211033321
In base 11, what is -2 - -588a2?
588a0
In base 4, what is -232332012 + 11?
-232332001
In base 5, what is 4 - 2020030?
-2020021
In base 16, what is 1aaf + -9?
1aa6
In base 2, what is 1001011100 - 111011?
1000100001
In base 3, what is -12200 - -100210?
11010
In base 5, what is -100331104 + 4?
-100331100
In base 9, what is 3030 + -1?
3028
In base 14, what is cb9b + -5?
cb96
In base 3, what is -1110 - -112022000?
112020120
In base 3, what is 200002 + 102020?
1002022
In base 13, what is 232 - 42b4?
-4082
In base 8, what is -2 - 316542?
-316544
In base 10, what is 7326 - 43?
7283
In base 12, what is 778b37 - -2?
778b39
In base 8, what is 550 + 3415?
4165
In base 6, what is -30 - 15412?
-15442
In base 15, what is 3c65c3 - -1?
3c65c4
In base 11, what is -39 + 57?
19
In base 15, what is b25 - 44?
ad1
In base 7, what is -1142 - 144?
-1316
In base 15, what is -1822ad - 4?
-1822b2
In base 6, what is 34144310 + -5?
34144301
In base 11, what is 73 - 343?
-280
In base 2, what is 11 + 100010011111000?
100010011111011
In base 3, what is -22112 + 110021?
10202
In base 3, what is -220010101202 - -2?
-220010101200
In base 2, what is -100101010 + -10111001110?
-11011111000
In base 15, what is -9 - 10ec1?
-10eca
In base 10, what is 139 - 15366?
-15227
In base 10, what is 850 + -218?
632
In base 6, what is -4 - -303352?
303344
In base 7, what is -60450 + 0?
-60450
In base 14, what is 4 + -5115b?
-51157
In base 6, what is -2035 + -2322?
-4401
In base 9, what is -1044 + 2600?
1545
In base 13, what is 6 - 4360?
-4357
In base 11, what is -1 + -1372?
-1373
In base 3, what is 2120022 + 1201122?
11021221
In base 16, what is 7 - -2190?
2197
In base 5, what is -1344 - 10020?
-11414
In base 7, what is 21 - 1315?
-1264
In base 16, what is -1f + 4f96?
4f77
In base 16, what is -26bd46 - 3?
-26bd49
In base 16, what is bc571 - -4?
bc575
In base 14, what is -4 - 9521?
-9525
In base 14, what is 0 + 5532?
5532
In base